{"id":1032,"date":"2018-05-11T21:37:10","date_gmt":"2018-05-11T19:37:10","guid":{"rendered":"http:\/\/houssiere.eu\/?page_id=1032"},"modified":"2018-05-11T21:38:47","modified_gmt":"2018-05-11T19:38:47","slug":"6-joggy-verdit","status":"publish","type":"page","link":"https:\/\/houssiere.eu\/index.php\/humour\/6-joggy-verdit\/","title":{"rendered":"6. Joggy verdit"},"content":{"rendered":"<p lang=\"fr-BE\"><span style=\"font-family: Times New Roman, serif;\">L\u2019hiver le bois boueux bruisse sous la brume, obligeant le joggeur \u00e0 frapper le bitume ou lorsque la rare neige floconne en nos contr\u00e9es, la course silencieuse ou bien qui crisse est rendue difficile par les pi\u00e8ges du hors-piste. <\/span><\/p>\n<p lang=\"fr-BE\"><span style=\"font-family: Times New Roman, serif;\">Quand l\u2019heure d\u2019hiver quitte notre quotidien, la beaut\u00e9 du bois se pare de vertes couleurs ou tout au moins les pr\u00e9pare. Difficile \u00e0 expliquer\u00a0: l\u2019air est diff\u00e9rent\u00a0! Oui, je sais, la photosynth\u00e8se et que ci et que \u00e7a. N\u2019emp\u00eache, il fait bon jogger dans le bois, que le loup y soit ou pas. Verdi a magnifi\u00e9 les quatre saisons, mais les joggeurs n\u2019y v\u00e9n\u00e8rent que le printemps\u00a0! Le bois vert insuffle la bonne humeur\u00a0! Le trouv\u00e8re reverdit.<\/span><\/p>\n<p lang=\"fr-BE\"><span style=\"font-family: Times New Roman, serif;\">\u00ab\u00a0Joggy, d\u00e8s le retour de l\u2019heure d\u2019\u00e9t\u00e9, nous reprenons nos entra\u00eenements, au bois,\u00a0en semaine. As-tu sorti tes tenues de leurs housses hier\u00a0?\u00bb<\/span><\/p>\n<p lang=\"fr-BE\"><img loading=\"lazy\" decoding=\"async\" class=\"aligncenter size-full wp-image-1034\" src=\"http:\/\/houssiere.eu\/wp-content\/uploads\/2018\/05\/bois-jacinthes04moyen-1.jpg\" alt=\"\" width=\"800\" height=\"376\" srcset=\"https:\/\/houssiere.eu\/wp-content\/uploads\/2018\/05\/bois-jacinthes04moyen-1.jpg 800w, https:\/\/houssiere.eu\/wp-content\/uploads\/2018\/05\/bois-jacinthes04moyen-1-300x141.jpg 300w, https:\/\/houssiere.eu\/wp-content\/uploads\/2018\/05\/bois-jacinthes04moyen-1-768x361.jpg 768w, https:\/\/houssiere.eu\/wp-content\/uploads\/2018\/05\/bois-jacinthes04moyen-1-500x235.jpg 500w\" sizes=\"auto, (max-width: 800px) 100vw, 800px\" \/><\/p>\n<p lang=\"fr-BE\"><span style=\"font-family: Times New Roman, serif;\">Comme je suis le petit nouveau, ils me maternent bien gentiment. Seul mon pr\u00e9nom les g\u00eane. Visiblement Jean-Guy ne leur convient pas. Il faut croire qu\u2019ils n\u2019appr\u00e9cient que les traits d\u2019humour et pas les traits d\u2019union. <\/span><\/p>\n<p lang=\"fr-BE\"><span style=\"font-family: Times New Roman, serif;\">\u00ab\u00a0Ce n\u2019est pas difficile de m\u00e9moriser le changement d\u2019heure\u00a0: l\u2019heure d\u2019\u00e9t\u00e9, Alexandre ne vient pas courir, le jour du passage \u00e0 l\u2019heure d\u2019hiver c\u2019est la seule fois o\u00f9 il est en avance\u00a0\u00bb\u2026<\/span><\/p>\n<p lang=\"fr-BE\"><span style=\"font-family: Times New Roman, serif;\">Nous voil\u00e0 dons revenus sur des trajets forestiers. Sentier du dimanche, te voil\u00e0 foul\u00e9 le mardi. Ta\u00efaut. J\u2019ai pass\u00e9 l\u2019hivereu, lalalilal\u00e8reu. Incroyable. Sentir son corps en harmonie avec la nature, pouvoir enfin courir sans se rendre compte que l\u2019on fait un effort, jogger en parlant, voler en courant.. Oui, c\u2019est l\u2019euphorie du printemps. Revenons les pieds sur terre battue mais pas vaincue.<\/span><\/p>\n<p lang=\"fr-BE\"><span style=\"font-family: Times New Roman, serif;\">Ils acc\u00e9l\u00e8rent le rythme. Comme les indiens, \u00e0 la queue leu leu, nous voil\u00e0 sur le sentier de nagu\u00e8re reprenant les codes forestiers. L\u00e0 on acc\u00e9l\u00e8re, ici on d\u00e9c\u00e9l\u00e8re, repos par-ci, ombre par-l\u00e0, soleil, jacinthes des bois (en patois de vesnau on dit des \u00ab\u00a0cl\u00e9s de bois\u00a0\u00bb). <\/span><\/p>\n<p><span style=\"font-family: Times New Roman, serif;\"><span lang=\"fr-BE\">La temp\u00e9rature montant, les tenues raccourcissent. Le seul avantage de l\u2019\u00e9t\u00e9, c\u2019est de laisser les thermes aux ma\u00eetres d\u2019\u00e9coles. En avril, montre ton nombril, en mai rien ne nous d\u00e9pla\u00eet\u00a0!<\/span><\/span><\/p>\n<p lang=\"fr-BE\"><span style=\"font-family: Times New Roman, serif;\">On reparle comp\u00e9t\u2019, on se trouve des illogismes\u00a0: vouloir aller faire les 20 de Bruxelles, nous les hommes des bois. Mais des citadins viennent faire la \u00abThoracique de la Houssi\u00e8re\u00a0\u00bb, donc tout est dans l\u2019ordre.<\/span><\/p>\n<p lang=\"fr-BE\"><span style=\"font-family: Times New Roman, serif;\">Le peloton s\u2019\u00e9tire au printemps, tel le chat qui s\u2019\u00e9veille. S\u00e9rotonine, pas de dopamine (personne ne s\u2019appelle amine dans le peloton), taurine peu importe laquelle de ces mol\u00e9cules fait gigoter nos neurones, le fait est l\u00e0\u00a0: la belle saison nous rend f\u00e9briles. <\/span><\/p>\n<p lang=\"fr-BE\"><img loading=\"lazy\" decoding=\"async\" class=\"aligncenter size-full wp-image-1036\" src=\"http:\/\/houssiere.eu\/wp-content\/uploads\/2018\/05\/sentier.jpg\" alt=\"\" width=\"1080\" height=\"608\" srcset=\"https:\/\/houssiere.eu\/wp-content\/uploads\/2018\/05\/sentier.jpg 1080w, https:\/\/houssiere.eu\/wp-content\/uploads\/2018\/05\/sentier-300x169.jpg 300w, https:\/\/houssiere.eu\/wp-content\/uploads\/2018\/05\/sentier-768x432.jpg 768w, https:\/\/houssiere.eu\/wp-content\/uploads\/2018\/05\/sentier-1024x576.jpg 1024w, https:\/\/houssiere.eu\/wp-content\/uploads\/2018\/05\/sentier-500x281.jpg 500w\" sizes=\"auto, (max-width: 1080px) 100vw, 1080px\" \/><\/p>\n<p lang=\"fr-BE\"><span style=\"font-family: Times New Roman, serif;\">C\u2019est aussi la d\u00e9couverte de surprises. On ne parle pas de tout cela dans les salons litt\u00e9raires ou dans les \u00e9missions sportives\u00a0: les blessures de reprise aux cuisses\u00a0: ger\u00e7ures, zones qui n\u2019\u00e9taient plus soumises au frottement sur le haut des cuisses\u00a0: ces petits saignements sont parfois douloureux. Mais qu\u2019importe\u00a0!<\/span><\/p>\n<p lang=\"fr-BE\"><span style=\"font-family: Times New Roman, serif;\">Plus question de voir les biches (oui, on le sait bien que la femelle du chevreuil est une ch\u00e8vre, mais cela ne la fait pas de rentrer chez soi et dire \u00ab\u00a0J\u2019ai vu des ch\u00e8vres dans le bois\u00a0\u00bb). Donc les bichettes deviennent invisibles\u00a0: le couvert v\u00e9g\u00e9tal qui revient en est responsable, mais surtout la voix de stentor de J\u00e9sus, le rire de Marcel ou de Valeria, la voix peu fluette de Jacques\u00a0: le babil du printemps fait fuir le gibier\u00a0!<\/span><\/p>\n<p lang=\"fr-BE\"><span style=\"font-family: Times New Roman, serif;\">Qu\u2019\u00e0 cela ne tienne, les oiseaux chantent, les \u00e9cureuils remontrent le bout de leur nez. Et la course \u00e0 pied dans tout cela\u00a0?<\/span><\/p>\n<p lang=\"fr-BE\"><span style=\"font-family: Times New Roman, serif;\">Et bien, au bout de 5 km, on ne s\u2019aper\u00e7oit toujours pas que l\u2019on court\u00a0! Pas de transpiration excessive comme en \u00e9t\u00e9, pas de frisson d\u2019hiver\u00a0: non, les coureurs sont en harmonie avec le climat, avec la nature.. Ne peuvent comprendre que les fouleurs de sentiers, que les ardus de la semelle. De quoi on s\u2019m\u00e8le\u00a0? <\/span><\/p>\n<p lang=\"fr-BE\"><span style=\"font-family: Times New Roman, serif;\">Il fait toujours beau dans le bois. Le microclimat\u00a0? (le climat d\u2019un micro, on conna\u00eet\u00a0: c\u2019est humide vu qu\u2019il ne re\u00e7oit que des postillons\u2026) Allez savoir\u2026<\/span><\/p>\n<p lang=\"fr-BE\"><span style=\"font-family: Times New Roman, serif;\">Les projets prennent naissance avec l\u2019oxyg\u00e9nation des cerveaux. Vacances, boulot, travaux. Tout pr\u00eate \u00e0 discours\u00a0: Marcel compare le tapis roulant de sa salle de sport avec les sentiers, Danielle analyse la grosseur \u00e9volutive des racines d&rsquo;arbres, Micky oublie qu\u2019il risque plus de se blesser en courant dans le bois qu\u2019en restant assis dans un fauteuil, tout le monde parle et revit. On ne parle d\u2019hiver, mais on verdit. <\/span><\/p>\n<p lang=\"fr-BE\"><span style=\"font-family: Times New Roman, serif;\">Le peloton se f\u00e9minise aussi \u00e0 la sortie de l\u2019hiver. Et pas question de dire que l\u2019on \u00ab\u00a0fait court\u00a0\u00bb aujourd\u2019hui\u00a0! Que nenni\u00a0: elles sont acharn\u00e9es sur les distances\u00a0!<\/span><\/p>\n<p lang=\"fr-BE\"><span style=\"font-family: Times New Roman, serif;\">Les circuits changent parfois, suite \u00e0 des d\u00e9couvertes\u00a0: c\u2019est au printemps que tout se passe. Un passionn\u00e9 pensionn\u00e9 mesure tout \u00e0 la roulette belge\u00a0: la roulette russe, tu as une chance sur six de perdre, la roulette belge, un pourcent&#8230; d\u2019erreur. Marcel trouve normal que l\u2019on vende un appareil de mesure tr\u00e8s pr\u00e9cis avec un pourcentage d\u2019erreur. C\u2019est comme si on vendait un piano avec un certain nombre de touches v\u00e9reuses\u00a0! Mais quand on a couru 11km513m, c\u2019est vrai que cela sonne faux. 12km est plus vraisemblable\u00a0!<\/span><\/p>\n<p lang=\"fr-BE\"><span style=\"font-family: Times New Roman, serif;\"> J. Air<\/span><\/p>\n","protected":false},"excerpt":{"rendered":"<p>L\u2019hiver le bois boueux bruisse sous la brume, obligeant le joggeur \u00e0 frapper le bitume ou lorsque la rare neige floconne en nos contr\u00e9es, la course silencieuse ou bien qui crisse est rendue difficile par les pi\u00e8ges du hors-piste. Quand &hellip; <a href=\"https:\/\/houssiere.eu\/index.php\/humour\/6-joggy-verdit\/\">Continuer la lecture <span class=\"meta-nav\">&rarr;<\/span><\/a><\/p>\n","protected":false},"author":1,"featured_media":0,"parent":353,"menu_order":6,"comment_status":"closed","ping_status":"closed","template":"","meta":{"jetpack_post_was_ever_published":false,"footnotes":""},"class_list":["post-1032","page","type-page","status-publish","hentry"],"jetpack_sharing_enabled":true,"jetpack_shortlink":"https:\/\/wp.me\/P8shbt-gE","_links":{"self":[{"href":"https:\/\/houssiere.eu\/index.php\/wp-json\/wp\/v2\/pages\/1032","targetHints":{"allow":["GET"]}}],"collection":[{"href":"https:\/\/houssiere.eu\/index.php\/wp-json\/wp\/v2\/pages"}],"about":[{"href":"https:\/\/houssiere.eu\/index.php\/wp-json\/wp\/v2\/types\/page"}],"author":[{"embeddable":true,"href":"https:\/\/houssiere.eu\/index.php\/wp-json\/wp\/v2\/users\/1"}],"replies":[{"embeddable":true,"href":"https:\/\/houssiere.eu\/index.php\/wp-json\/wp\/v2\/comments?post=1032"}],"version-history":[{"count":3,"href":"https:\/\/houssiere.eu\/index.php\/wp-json\/wp\/v2\/pages\/1032\/revisions"}],"predecessor-version":[{"id":1037,"href":"https:\/\/houssiere.eu\/index.php\/wp-json\/wp\/v2\/pages\/1032\/revisions\/1037"}],"up":[{"embeddable":true,"href":"https:\/\/houssiere.eu\/index.php\/wp-json\/wp\/v2\/pages\/353"}],"wp:attachment":[{"href":"https:\/\/houssiere.eu\/index.php\/wp-json\/wp\/v2\/media?parent=1032"}],"curies":[{"name":"wp","href":"https:\/\/api.w.org\/{rel}","templated":true}]}}