{"id":2,"date":"2017-02-14T16:01:26","date_gmt":"2017-02-14T15:01:26","guid":{"rendered":"http:\/\/houssiere.eu\/?page_id=2"},"modified":"2026-03-27T11:22:20","modified_gmt":"2026-03-27T10:22:20","slug":"page-d-exemple","status":"publish","type":"page","link":"https:\/\/houssiere.eu\/index.php\/page-d-exemple\/","title":{"rendered":"Pr\u00e9sentation"},"content":{"rendered":"<p><span style=\"font-family: Comic Sans MS,cursive;\">Le <strong>\u00ab\u00a0Houssi\u00e8re Athletic Club (HAC)\u00a0\u00bb<\/strong> est un club <strong><span style=\"color: #800000;\">de course \u00e0 pied, de trail et de marche<\/span><\/strong> qui ne poss\u00e8de aucune installation et qui a pour terrain d\u2019entra\u00eenement le bois de la Houssi\u00e8re \u00e0 Braine-le-Comte.<br \/>\n<\/span><\/p>\n<p><span style=\"font-family: Comic Sans MS,cursive;\"> <img loading=\"lazy\" decoding=\"async\" class=\"size-medium wp-image-15 alignright\" src=\"http:\/\/houssiere.eu\/wp-content\/uploads\/2017\/02\/jacinthes-300x168.jpg\" alt=\"\" width=\"300\" height=\"168\" srcset=\"https:\/\/houssiere.eu\/wp-content\/uploads\/2017\/02\/jacinthes-300x168.jpg 300w, https:\/\/houssiere.eu\/wp-content\/uploads\/2017\/02\/jacinthes-768x431.jpg 768w, https:\/\/houssiere.eu\/wp-content\/uploads\/2017\/02\/jacinthes-1024x574.jpg 1024w, https:\/\/houssiere.eu\/wp-content\/uploads\/2017\/02\/jacinthes-500x280.jpg 500w, https:\/\/houssiere.eu\/wp-content\/uploads\/2017\/02\/jacinthes.jpg 1280w\" sizes=\"auto, (max-width: 300px) 100vw, 300px\" \/>Le rendez-vous des sportifs se donne sur le parking \u00e0 l&rsquo;or\u00e9e du bois entre l&rsquo;avenue du Marouset et la dr\u00e8ve du Long Jour en face de l&rsquo;ex- brasserie \u00ab l&rsquo;Or\u00e9e du Bois ( anciennement Chez Torine) \u00bb, \u00e0 Braine-le-Comte. La participation aux activit\u00e9s du club est possible pour toutes et tous, quelque soit le niveau, vu qu&rsquo;il y a plusieurs groupes qui prennent le d\u00e9part (tous ensemble). La course ou la rando en for\u00eat n&rsquo;est pas adapt\u00e9e aux enfants non accompagn\u00e9s.<br \/>\n<\/span><\/p>\n<p><img loading=\"lazy\" decoding=\"async\" class=\"aligncenter size-large wp-image-6847\" src=\"https:\/\/houssiere.eu\/wp-content\/uploads\/2025\/04\/HAC-Jacinthes2-avril-2025-1024x768.jpg\" alt=\"\" width=\"584\" height=\"438\" srcset=\"https:\/\/houssiere.eu\/wp-content\/uploads\/2025\/04\/HAC-Jacinthes2-avril-2025-1024x768.jpg 1024w, https:\/\/houssiere.eu\/wp-content\/uploads\/2025\/04\/HAC-Jacinthes2-avril-2025-300x225.jpg 300w, https:\/\/houssiere.eu\/wp-content\/uploads\/2025\/04\/HAC-Jacinthes2-avril-2025-768x576.jpg 768w, https:\/\/houssiere.eu\/wp-content\/uploads\/2025\/04\/HAC-Jacinthes2-avril-2025-400x300.jpg 400w, https:\/\/houssiere.eu\/wp-content\/uploads\/2025\/04\/HAC-Jacinthes2-avril-2025.jpg 1440w\" sizes=\"auto, (max-width: 584px) 100vw, 584px\" \/><\/p>\n<p><span style=\"font-family: Comic Sans MS,cursive;\">Les membres cotisants (70\u20ac par an) ont acc\u00e8s aux services du club (v\u00eatements, assurance, coach). Les enfants de moins de 15 ans dont un parent est inscrit au club b\u00e9n\u00e9ficient de la gratuit\u00e9. Certaines mutuelles encouragent la pratique sportive et remboursent une partie des frais de cotisation. A trouver sur le site de votre mutuelle. Le <span style=\"color: #ff0000;\">formulaire d&rsquo;inscription au club<\/span> est disponible au format PDF <a href=\"https:\/\/houssiere.eu\/wp-content\/uploads\/2026\/03\/fiche-inscription-20260327.pdf\" target=\"_blank\" rel=\"noopener\">et c&rsquo;est par ici!<\/a> .<br \/>\n<\/span><\/p>\n<p>Le club est dirig\u00e9 par un <strong>comit\u00e9<\/strong>, constitu\u00e9 de coureurs et marcheurs volontaires. Pr\u00e9sident:Didier .Secr\u00e9taire: Brigitte. Membres: Alexandre, C\u00e9dric, Danielle B., D\u00e9borah, Eric, Erik, Jacques, M\u00e9linda, Michel, Val\u00e9ria. Ce comit\u00e9 organise de nombreuses activit\u00e9s pour animer le club: Thoracique, Repas annuel, Remise des prix du club, Entra\u00eenements, Excursions diverses (sportives ou touristiques), etc&#8230;<\/p>\n<p><span style=\"font-family: Comic Sans MS,cursive;\">Les horaires d&rsquo;entra\u00eenement sont les suivants\u00a0 et sont modifi\u00e9s lors du <span style=\"text-decoration: underline;\">changement d&rsquo;heure :<\/span><\/span><\/p>\n<h4><span style=\"font-family: Comic Sans MS,cursive;\"><strong>Horaire \u00e0 partir <span style=\"text-decoration: underline;\">de l&rsquo;heure d&rsquo;\u00e9t\u00e9<\/span> :<img loading=\"lazy\" decoding=\"async\" class=\"alignright size-thumbnail wp-image-3515\" src=\"https:\/\/houssiere.eu\/wp-content\/uploads\/2021\/11\/bernard-ete-hac-150x150.jpg\" alt=\"profil\" width=\"150\" height=\"150\" \/><\/strong> <\/span><\/h4>\n<p><span style=\"font-family: Comic Sans MS,cursive;\"> le mardi et le jeudi \u00e0 18h (\u00e9chauffement individuel d\u00e8s 17h30), sur le parking en face de chez Torine, av du Marouset \u00e0 Braine-le-Comte.<br \/>\n<\/span><\/p>\n<p><span style=\"font-family: Comic Sans MS,cursive;\"> le dimanche \u00e0 9h30 (\u00e9chauffement individuel d\u00e8s 9h) au m\u00eame endroit.<\/span><\/p>\n<h4><span style=\"font-family: Comic Sans MS,cursive;\"><strong>Horaire \u00e0 partir <span style=\"text-decoration: underline;\">de l&rsquo;heure d&rsquo;hiver<\/span> :<\/strong> <\/span><\/h4>\n<p><img loading=\"lazy\" decoding=\"async\" class=\"aligncenter size-large wp-image-7486\" src=\"https:\/\/houssiere.eu\/wp-content\/uploads\/2026\/01\/hac-hiver-2026-bonhomme-fer-1024x768.jpg\" alt=\"\" width=\"584\" height=\"438\" srcset=\"https:\/\/houssiere.eu\/wp-content\/uploads\/2026\/01\/hac-hiver-2026-bonhomme-fer-1024x768.jpg 1024w, https:\/\/houssiere.eu\/wp-content\/uploads\/2026\/01\/hac-hiver-2026-bonhomme-fer-300x225.jpg 300w, https:\/\/houssiere.eu\/wp-content\/uploads\/2026\/01\/hac-hiver-2026-bonhomme-fer-768x576.jpg 768w, https:\/\/houssiere.eu\/wp-content\/uploads\/2026\/01\/hac-hiver-2026-bonhomme-fer-1536x1152.jpg 1536w, https:\/\/houssiere.eu\/wp-content\/uploads\/2026\/01\/hac-hiver-2026-bonhomme-fer-400x300.jpg 400w, https:\/\/houssiere.eu\/wp-content\/uploads\/2026\/01\/hac-hiver-2026-bonhomme-fer.jpg 1600w\" sizes=\"auto, (max-width: 584px) 100vw, 584px\" \/><\/p>\n<p><span style=\"font-family: Comic Sans MS,cursive;\"> le mardi et le jeudi \u00e0 <span style=\"color: #cc0000;\">18h<\/span> (\u00e9chauffement individuel d\u00e8s 17h30) aux <strong>\u00e9tangs Martel de Braine-le-Comte, avenue du Marouset.<\/strong><br \/>\n<\/span><\/p>\n<p><img loading=\"lazy\" decoding=\"async\" class=\"aligncenter size-large wp-image-6844\" src=\"https:\/\/houssiere.eu\/wp-content\/uploads\/2025\/04\/entrainement-hivernal-01-1024x836.jpg\" alt=\"\" width=\"584\" height=\"477\" srcset=\"https:\/\/houssiere.eu\/wp-content\/uploads\/2025\/04\/entrainement-hivernal-01-1024x836.jpg 1024w, https:\/\/houssiere.eu\/wp-content\/uploads\/2025\/04\/entrainement-hivernal-01-300x245.jpg 300w, https:\/\/houssiere.eu\/wp-content\/uploads\/2025\/04\/entrainement-hivernal-01-768x627.jpg 768w, https:\/\/houssiere.eu\/wp-content\/uploads\/2025\/04\/entrainement-hivernal-01-367x300.jpg 367w, https:\/\/houssiere.eu\/wp-content\/uploads\/2025\/04\/entrainement-hivernal-01.jpg 1529w\" sizes=\"auto, (max-width: 584px) 100vw, 584px\" \/> <img loading=\"lazy\" decoding=\"async\" class=\"aligncenter size-large wp-image-6845\" src=\"https:\/\/houssiere.eu\/wp-content\/uploads\/2025\/04\/entrainement-hivernal-etangs-768x1024.jpg\" alt=\"\" width=\"584\" height=\"779\" srcset=\"https:\/\/houssiere.eu\/wp-content\/uploads\/2025\/04\/entrainement-hivernal-etangs-768x1024.jpg 768w, https:\/\/houssiere.eu\/wp-content\/uploads\/2025\/04\/entrainement-hivernal-etangs-225x300.jpg 225w, https:\/\/houssiere.eu\/wp-content\/uploads\/2025\/04\/entrainement-hivernal-etangs.jpg 1152w\" sizes=\"auto, (max-width: 584px) 100vw, 584px\" \/><\/p>\n<p><span style=\"font-family: Comic Sans MS,cursive;\">En p\u00e9riode hivernale certains se donnent rendez-vous le mardi et le jeudi \u00e0 <span style=\"color: #cc0000;\">10h<\/span> (\u00e9chauffement\u00a0individuel d\u00e8s 9h30) sur le <strong>parking en face de la brasserie l&rsquo;Or\u00e9e du Bois (ancien chez Torine)<\/strong>, au bois.<br \/>\n<\/span><\/p>\n<p><span style=\"font-family: Comic Sans MS,cursive;\">Le dimanche \u00e0 9h30 (\u00e9chauffement individuel d\u00e8s 9h) sur le <strong>parking en face de la brasserie chez Torine<\/strong>, au bois. Pour tous les renseignements concernant la marche ou les entra\u00eenements, contactez jacques AT houssiere.eu<br \/>\n<\/span><\/p>\n<div id=\"attachment_7484\" style=\"width: 594px\" class=\"wp-caption aligncenter\"><img loading=\"lazy\" decoding=\"async\" aria-describedby=\"caption-attachment-7484\" class=\"size-large wp-image-7484\" src=\"https:\/\/houssiere.eu\/wp-content\/uploads\/2026\/01\/hac-hiver-2026-1024x682.jpg\" alt=\"hac hiver 2026\" width=\"584\" height=\"389\" srcset=\"https:\/\/houssiere.eu\/wp-content\/uploads\/2026\/01\/hac-hiver-2026-1024x682.jpg 1024w, https:\/\/houssiere.eu\/wp-content\/uploads\/2026\/01\/hac-hiver-2026-300x200.jpg 300w, https:\/\/houssiere.eu\/wp-content\/uploads\/2026\/01\/hac-hiver-2026-768x512.jpg 768w, https:\/\/houssiere.eu\/wp-content\/uploads\/2026\/01\/hac-hiver-2026-1536x1023.jpg 1536w, https:\/\/houssiere.eu\/wp-content\/uploads\/2026\/01\/hac-hiver-2026-450x300.jpg 450w, https:\/\/houssiere.eu\/wp-content\/uploads\/2026\/01\/hac-hiver-2026.jpg 1600w\" sizes=\"auto, (max-width: 584px) 100vw, 584px\" \/><p id=\"caption-attachment-7484\" class=\"wp-caption-text\">On court ou marche par tous les temps !<\/p><\/div>\n<h2><strong><span style=\"color: #008000;\">N.B.: les mardis et jeudis f\u00e9ri\u00e9s, c&rsquo;est l&rsquo;horaire du dimanche qui est d&rsquo;application!<img loading=\"lazy\" decoding=\"async\" class=\"aligncenter size-large wp-image-6848\" src=\"https:\/\/houssiere.eu\/wp-content\/uploads\/2025\/04\/hac-jacinthes3-avril-2025-1024x490.jpg\" alt=\"\" width=\"584\" height=\"279\" srcset=\"https:\/\/houssiere.eu\/wp-content\/uploads\/2025\/04\/hac-jacinthes3-avril-2025-1024x490.jpg 1024w, https:\/\/houssiere.eu\/wp-content\/uploads\/2025\/04\/hac-jacinthes3-avril-2025-300x144.jpg 300w, https:\/\/houssiere.eu\/wp-content\/uploads\/2025\/04\/hac-jacinthes3-avril-2025-768x368.jpg 768w, https:\/\/houssiere.eu\/wp-content\/uploads\/2025\/04\/hac-jacinthes3-avril-2025-1536x735.jpg 1536w, https:\/\/houssiere.eu\/wp-content\/uploads\/2025\/04\/hac-jacinthes3-avril-2025-500x239.jpg 500w, https:\/\/houssiere.eu\/wp-content\/uploads\/2025\/04\/hac-jacinthes3-avril-2025.jpg 2048w\" sizes=\"auto, (max-width: 584px) 100vw, 584px\" \/><\/span><\/strong><\/h2>\n<p>Quelques photos: <a href=\"https:\/\/photos.app.goo.gl\/JSeuYTqHL1jwcpaF7\" target=\"_blank\" rel=\"noopener noreferrer\">au bois lors d&rsquo;un entra\u00eenement ou en hiver sur la piste<\/a><\/p>\n<p>&nbsp;<\/p>\n","protected":false},"excerpt":{"rendered":"<p>Le \u00ab\u00a0Houssi\u00e8re Athletic Club (HAC)\u00a0\u00bb est un club de course \u00e0 pied, de trail et de marche qui ne poss\u00e8de aucune installation et qui a pour terrain d\u2019entra\u00eenement le bois de la Houssi\u00e8re \u00e0 Braine-le-Comte. Le rendez-vous des sportifs se &hellip; <a href=\"https:\/\/houssiere.eu\/index.php\/page-d-exemple\/\">Continuer la lecture <span class=\"meta-nav\">&rarr;<\/span><\/a><\/p>\n","protected":false},"author":1,"featured_media":0,"parent":0,"menu_order":0,"comment_status":"closed","ping_status":"open","template":"","meta":{"jetpack_post_was_ever_published":false,"footnotes":""},"class_list":["post-2","page","type-page","status-publish","hentry"],"jetpack_sharing_enabled":true,"jetpack_shortlink":"https:\/\/wp.me\/P8shbt-2","_links":{"self":[{"href":"https:\/\/houssiere.eu\/index.php\/wp-json\/wp\/v2\/pages\/2","targetHints":{"allow":["GET"]}}],"collection":[{"href":"https:\/\/houssiere.eu\/index.php\/wp-json\/wp\/v2\/pages"}],"about":[{"href":"https:\/\/houssiere.eu\/index.php\/wp-json\/wp\/v2\/types\/page"}],"author":[{"embeddable":true,"href":"https:\/\/houssiere.eu\/index.php\/wp-json\/wp\/v2\/users\/1"}],"replies":[{"embeddable":true,"href":"https:\/\/houssiere.eu\/index.php\/wp-json\/wp\/v2\/comments?post=2"}],"version-history":[{"count":56,"href":"https:\/\/houssiere.eu\/index.php\/wp-json\/wp\/v2\/pages\/2\/revisions"}],"predecessor-version":[{"id":7664,"href":"https:\/\/houssiere.eu\/index.php\/wp-json\/wp\/v2\/pages\/2\/revisions\/7664"}],"wp:attachment":[{"href":"https:\/\/houssiere.eu\/index.php\/wp-json\/wp\/v2\/media?parent=2"}],"curies":[{"name":"wp","href":"https:\/\/api.w.org\/{rel}","templated":true}]}}