{"id":2657,"date":"2020-02-08T09:58:21","date_gmt":"2020-02-08T08:58:21","guid":{"rendered":"http:\/\/houssiere.eu\/?page_id=2657"},"modified":"2026-03-27T11:24:52","modified_gmt":"2026-03-27T10:24:52","slug":"seance-dinitiation","status":"publish","type":"page","link":"https:\/\/houssiere.eu\/index.php\/organisations\/seance-dinitiation\/","title":{"rendered":"Initiation ou accueil"},"content":{"rendered":"<p><span style=\"color: #800000;\"><strong>Accueil du HAC<br \/>\n<\/strong><\/span><\/p>\n<p><strong>Peu importe votre niveau, il est toujours possible de nous rejoindre!\u00a0<\/strong> Vous avez peut-\u00eatre initi\u00e9 vos premiers pas en course \u00e0 pied (ou en marche) et vous cherchez un club qui vous permette de retrouver le lien social qui nous a tous manqu\u00e9!\u00a0 Vous avez fait le bon choix et nous comptons vous conforter le plus rapidement possible dans cette pratique sportive \u00e9panouissante.<\/p>\n<p><img loading=\"lazy\" decoding=\"async\" class=\"alignright wp-image-2841 size-large\" src=\"https:\/\/houssiere.eu\/wp-content\/uploads\/2020\/05\/woops-1-1024x576.jpg\" alt=\"HAC sentier dans le bois\" width=\"584\" height=\"329\" srcset=\"https:\/\/houssiere.eu\/wp-content\/uploads\/2020\/05\/woops-1-1024x576.jpg 1024w, https:\/\/houssiere.eu\/wp-content\/uploads\/2020\/05\/woops-1-300x169.jpg 300w, https:\/\/houssiere.eu\/wp-content\/uploads\/2020\/05\/woops-1-768x432.jpg 768w, https:\/\/houssiere.eu\/wp-content\/uploads\/2020\/05\/woops-1-500x281.jpg 500w, https:\/\/houssiere.eu\/wp-content\/uploads\/2020\/05\/woops-1.jpg 1280w\" sizes=\"auto, (max-width: 584px) 100vw, 584px\" \/><\/p>\n<p>Vous souhaitez d\u00e9buter la course \u00e0 pied? Vous n\u2019avez jamais fait de sport? Vous marchez ou courez <img loading=\"lazy\" decoding=\"async\" class=\"alignright wp-image-2838 size-medium\" src=\"https:\/\/houssiere.eu\/wp-content\/uploads\/2020\/05\/file-169x300.jpg\" alt=\"HAC s\u00e9ance initiation\" width=\"169\" height=\"300\" srcset=\"https:\/\/houssiere.eu\/wp-content\/uploads\/2020\/05\/file-169x300.jpg 169w, https:\/\/houssiere.eu\/wp-content\/uploads\/2020\/05\/file-576x1024.jpg 576w, https:\/\/houssiere.eu\/wp-content\/uploads\/2020\/05\/file.jpg 720w\" sizes=\"auto, (max-width: 169px) 100vw, 169px\" \/>un petit peu et souhaitez int\u00e9grer un groupe d\u00e9butant? Vous avez envie de d\u00e9couvrir la course en for\u00eat? Vous \u00eates performant et cherchez un cadre pour vous \u00e9panouir?<\/p>\n<p>Le Houssi\u00e8re Athletic Club (HAC) organisera pour vous un accueil gratuit ! Il suffira de nous avertir de votre pr\u00e9sence, de pr\u00e9f\u00e9rence un <strong>dimanche \u00e0 9h30<\/strong>, sur le parking de la brasserie Torine, avenue du Marouset, 188 \u00e0 Braine-le-Comte. Rendez-vous avec votre tenue de sport! Il est n\u00e9cessaire de montrer votre int\u00e9r\u00eat aupr\u00e8s de Didier Renard, pr\u00e9sident, renardd31@gmail.com ou de Jacques de Rassenfosse, jacques@houssiere.eu.<\/p>\n<p><img loading=\"lazy\" decoding=\"async\" class=\"aligncenter size-large wp-image-4832\" src=\"https:\/\/houssiere.eu\/wp-content\/uploads\/2023\/04\/20230416-jacinthes-1024x724.jpg\" alt=\"\" width=\"584\" height=\"413\" srcset=\"https:\/\/houssiere.eu\/wp-content\/uploads\/2023\/04\/20230416-jacinthes-1024x724.jpg 1024w, https:\/\/houssiere.eu\/wp-content\/uploads\/2023\/04\/20230416-jacinthes-300x212.jpg 300w, https:\/\/houssiere.eu\/wp-content\/uploads\/2023\/04\/20230416-jacinthes-768x543.jpg 768w, https:\/\/houssiere.eu\/wp-content\/uploads\/2023\/04\/20230416-jacinthes-424x300.jpg 424w, https:\/\/houssiere.eu\/wp-content\/uploads\/2023\/04\/20230416-jacinthes.jpg 1280w\" sizes=\"auto, (max-width: 584px) 100vw, 584px\" \/><img loading=\"lazy\" decoding=\"async\" class=\"aligncenter size-large wp-image-2845\" src=\"https:\/\/houssiere.eu\/wp-content\/uploads\/2020\/05\/20200521_echauffement02mini-1024x827.jpg\" alt=\"\" width=\"584\" height=\"472\" srcset=\"https:\/\/houssiere.eu\/wp-content\/uploads\/2020\/05\/20200521_echauffement02mini-1024x827.jpg 1024w, https:\/\/houssiere.eu\/wp-content\/uploads\/2020\/05\/20200521_echauffement02mini-300x242.jpg 300w, https:\/\/houssiere.eu\/wp-content\/uploads\/2020\/05\/20200521_echauffement02mini-768x620.jpg 768w, https:\/\/houssiere.eu\/wp-content\/uploads\/2020\/05\/20200521_echauffement02mini-371x300.jpg 371w, https:\/\/houssiere.eu\/wp-content\/uploads\/2020\/05\/20200521_echauffement02mini.jpg 1114w\" sizes=\"auto, (max-width: 584px) 100vw, 584px\" \/><\/p>\n<p><img loading=\"lazy\" decoding=\"async\" class=\"aligncenter size-full wp-image-2851\" src=\"https:\/\/houssiere.eu\/wp-content\/uploads\/2020\/05\/centre-hac-mini.jpg\" alt=\"\" width=\"1024\" height=\"768\" srcset=\"https:\/\/houssiere.eu\/wp-content\/uploads\/2020\/05\/centre-hac-mini.jpg 1024w, https:\/\/houssiere.eu\/wp-content\/uploads\/2020\/05\/centre-hac-mini-300x225.jpg 300w, https:\/\/houssiere.eu\/wp-content\/uploads\/2020\/05\/centre-hac-mini-768x576.jpg 768w, https:\/\/houssiere.eu\/wp-content\/uploads\/2020\/05\/centre-hac-mini-400x300.jpg 400w\" sizes=\"auto, (max-width: 1024px) 100vw, 1024px\" \/><\/p>\n<p><img loading=\"lazy\" decoding=\"async\" class=\"aligncenter size-large wp-image-6924\" src=\"https:\/\/houssiere.eu\/wp-content\/uploads\/2025\/05\/HAC-Jacinthes2-avril-2025-1024x768.jpg\" alt=\"\" width=\"584\" height=\"438\" srcset=\"https:\/\/houssiere.eu\/wp-content\/uploads\/2025\/05\/HAC-Jacinthes2-avril-2025-1024x768.jpg 1024w, https:\/\/houssiere.eu\/wp-content\/uploads\/2025\/05\/HAC-Jacinthes2-avril-2025-300x225.jpg 300w, https:\/\/houssiere.eu\/wp-content\/uploads\/2025\/05\/HAC-Jacinthes2-avril-2025-768x576.jpg 768w, https:\/\/houssiere.eu\/wp-content\/uploads\/2025\/05\/HAC-Jacinthes2-avril-2025-400x300.jpg 400w, https:\/\/houssiere.eu\/wp-content\/uploads\/2025\/05\/HAC-Jacinthes2-avril-2025.jpg 1440w\" sizes=\"auto, (max-width: 584px) 100vw, 584px\" \/> <img loading=\"lazy\" decoding=\"async\" class=\"aligncenter size-large wp-image-6925\" src=\"https:\/\/houssiere.eu\/wp-content\/uploads\/2025\/05\/piste-vma-hac-1024x768.jpg\" alt=\"\" width=\"584\" height=\"438\" srcset=\"https:\/\/houssiere.eu\/wp-content\/uploads\/2025\/05\/piste-vma-hac-1024x768.jpg 1024w, https:\/\/houssiere.eu\/wp-content\/uploads\/2025\/05\/piste-vma-hac-300x225.jpg 300w, https:\/\/houssiere.eu\/wp-content\/uploads\/2025\/05\/piste-vma-hac-768x576.jpg 768w, https:\/\/houssiere.eu\/wp-content\/uploads\/2025\/05\/piste-vma-hac-400x300.jpg 400w, https:\/\/houssiere.eu\/wp-content\/uploads\/2025\/05\/piste-vma-hac.jpg 1440w\" sizes=\"auto, (max-width: 584px) 100vw, 584px\" \/><\/p>\n<p>&nbsp;<\/p>\n<p>&nbsp;<\/p>\n<p><img loading=\"lazy\" decoding=\"async\" class=\"aligncenter wp-image-2839 size-large\" src=\"https:\/\/houssiere.eu\/wp-content\/uploads\/2020\/05\/cote-1024x576.jpg\" alt=\"HAC Bois de la Houssiere\" width=\"584\" height=\"329\" srcset=\"https:\/\/houssiere.eu\/wp-content\/uploads\/2020\/05\/cote-1024x576.jpg 1024w, https:\/\/houssiere.eu\/wp-content\/uploads\/2020\/05\/cote-300x169.jpg 300w, https:\/\/houssiere.eu\/wp-content\/uploads\/2020\/05\/cote-768x432.jpg 768w, https:\/\/houssiere.eu\/wp-content\/uploads\/2020\/05\/cote-500x281.jpg 500w, https:\/\/houssiere.eu\/wp-content\/uploads\/2020\/05\/cote.jpg 1200w\" sizes=\"auto, (max-width: 584px) 100vw, 584px\" \/> <img loading=\"lazy\" decoding=\"async\" class=\"aligncenter wp-image-2840 size-large\" src=\"https:\/\/houssiere.eu\/wp-content\/uploads\/2020\/05\/groupe-1-1024x576.jpg\" alt=\"HAC courir en for\u00eat\" width=\"584\" height=\"329\" srcset=\"https:\/\/houssiere.eu\/wp-content\/uploads\/2020\/05\/groupe-1-1024x576.jpg 1024w, https:\/\/houssiere.eu\/wp-content\/uploads\/2020\/05\/groupe-1-300x169.jpg 300w, https:\/\/houssiere.eu\/wp-content\/uploads\/2020\/05\/groupe-1-768x432.jpg 768w, https:\/\/houssiere.eu\/wp-content\/uploads\/2020\/05\/groupe-1-500x281.jpg 500w, https:\/\/houssiere.eu\/wp-content\/uploads\/2020\/05\/groupe-1.jpg 1200w\" sizes=\"auto, (max-width: 584px) 100vw, 584px\" \/><\/p>\n<p>Nous tenons un stand \u00e0 la \u00ab\u00a0Faites du Sport\u00a0\u00bb de Braine-le-Comte fin ao\u00fbt.<\/p>\n<p><img loading=\"lazy\" decoding=\"async\" class=\"aligncenter size-large wp-image-6185\" src=\"https:\/\/houssiere.eu\/wp-content\/uploads\/2024\/08\/tente-1024x768.jpg\" alt=\"\" width=\"584\" height=\"438\" srcset=\"https:\/\/houssiere.eu\/wp-content\/uploads\/2024\/08\/tente-1024x768.jpg 1024w, https:\/\/houssiere.eu\/wp-content\/uploads\/2024\/08\/tente-300x225.jpg 300w, https:\/\/houssiere.eu\/wp-content\/uploads\/2024\/08\/tente-768x576.jpg 768w, https:\/\/houssiere.eu\/wp-content\/uploads\/2024\/08\/tente-400x300.jpg 400w, https:\/\/houssiere.eu\/wp-content\/uploads\/2024\/08\/tente.jpg 1280w\" sizes=\"auto, (max-width: 584px) 100vw, 584px\" \/><\/p>\n","protected":false},"excerpt":{"rendered":"<p>Accueil du HAC Peu importe votre niveau, il est toujours possible de nous rejoindre!\u00a0 Vous avez peut-\u00eatre initi\u00e9 vos premiers pas en course \u00e0 pied (ou en marche) et vous cherchez un club qui vous permette de retrouver le lien &hellip; <a href=\"https:\/\/houssiere.eu\/index.php\/organisations\/seance-dinitiation\/\">Continuer la lecture <span class=\"meta-nav\">&rarr;<\/span><\/a><\/p>\n","protected":false},"author":1,"featured_media":0,"parent":2149,"menu_order":0,"comment_status":"closed","ping_status":"closed","template":"","meta":{"jetpack_post_was_ever_published":false,"footnotes":""},"class_list":["post-2657","page","type-page","status-publish","hentry"],"jetpack_sharing_enabled":true,"jetpack_shortlink":"https:\/\/wp.me\/P8shbt-GR","_links":{"self":[{"href":"https:\/\/houssiere.eu\/index.php\/wp-json\/wp\/v2\/pages\/2657","targetHints":{"allow":["GET"]}}],"collection":[{"href":"https:\/\/houssiere.eu\/index.php\/wp-json\/wp\/v2\/pages"}],"about":[{"href":"https:\/\/houssiere.eu\/index.php\/wp-json\/wp\/v2\/types\/page"}],"author":[{"embeddable":true,"href":"https:\/\/houssiere.eu\/index.php\/wp-json\/wp\/v2\/users\/1"}],"replies":[{"embeddable":true,"href":"https:\/\/houssiere.eu\/index.php\/wp-json\/wp\/v2\/comments?post=2657"}],"version-history":[{"count":23,"href":"https:\/\/houssiere.eu\/index.php\/wp-json\/wp\/v2\/pages\/2657\/revisions"}],"predecessor-version":[{"id":7665,"href":"https:\/\/houssiere.eu\/index.php\/wp-json\/wp\/v2\/pages\/2657\/revisions\/7665"}],"up":[{"embeddable":true,"href":"https:\/\/houssiere.eu\/index.php\/wp-json\/wp\/v2\/pages\/2149"}],"wp:attachment":[{"href":"https:\/\/houssiere.eu\/index.php\/wp-json\/wp\/v2\/media?parent=2657"}],"curies":[{"name":"wp","href":"https:\/\/api.w.org\/{rel}","templated":true}]}}