{"id":353,"date":"2017-06-30T15:54:38","date_gmt":"2017-06-30T13:54:38","guid":{"rendered":"http:\/\/houssiere.eu\/?page_id=353"},"modified":"2017-06-30T16:05:04","modified_gmt":"2017-06-30T14:05:04","slug":"humour","status":"publish","type":"page","link":"https:\/\/houssiere.eu\/index.php\/humour\/","title":{"rendered":"Humour"},"content":{"rendered":"<p><span style=\"color: #000000;\"><span style=\"font-family: Times New Roman,serif;\">Pour vous faire sourire, quelques histoires invent\u00e9es. Un personnage imaginaire se lance dans le jogging. Nous l\u2019appellerons \u00ab\u00a0Joggy\u00a0\u00bb. Il fr\u00e9quente un peloton tout aussi imaginaire. Toute ressemblance avec des personnages r\u00e9els est bien s\u00fbr fortuite.<\/span><\/span><\/p>\n<p><img loading=\"lazy\" decoding=\"async\" class=\"aligncenter size-full wp-image-354\" src=\"http:\/\/houssiere.eu\/wp-content\/uploads\/2017\/06\/hac-de-dos-moyen.jpg\" alt=\"Bois de la Houssi\u00e8re\" width=\"1200\" height=\"675\" srcset=\"https:\/\/houssiere.eu\/wp-content\/uploads\/2017\/06\/hac-de-dos-moyen.jpg 1200w, https:\/\/houssiere.eu\/wp-content\/uploads\/2017\/06\/hac-de-dos-moyen-300x169.jpg 300w, https:\/\/houssiere.eu\/wp-content\/uploads\/2017\/06\/hac-de-dos-moyen-768x432.jpg 768w, https:\/\/houssiere.eu\/wp-content\/uploads\/2017\/06\/hac-de-dos-moyen-1024x576.jpg 1024w, https:\/\/houssiere.eu\/wp-content\/uploads\/2017\/06\/hac-de-dos-moyen-500x281.jpg 500w\" sizes=\"auto, (max-width: 1200px) 100vw, 1200px\" \/><\/p>\n<p>Vous trouverez les aventures de Joggy en visitant la banni\u00e8re ci-dessus!<\/p>\n","protected":false},"excerpt":{"rendered":"<p>Pour vous faire sourire, quelques histoires invent\u00e9es. Un personnage imaginaire se lance dans le jogging. Nous l\u2019appellerons \u00ab\u00a0Joggy\u00a0\u00bb. Il fr\u00e9quente un peloton tout aussi imaginaire. Toute ressemblance avec des personnages r\u00e9els est bien s\u00fbr fortuite. Vous trouverez les aventures de &hellip; <a href=\"https:\/\/houssiere.eu\/index.php\/humour\/\">Continuer la lecture <span class=\"meta-nav\">&rarr;<\/span><\/a><\/p>\n","protected":false},"author":1,"featured_media":0,"parent":0,"menu_order":0,"comment_status":"closed","ping_status":"closed","template":"","meta":{"jetpack_post_was_ever_published":false,"footnotes":""},"class_list":["post-353","page","type-page","status-publish","hentry"],"jetpack_sharing_enabled":true,"jetpack_shortlink":"https:\/\/wp.me\/P8shbt-5H","_links":{"self":[{"href":"https:\/\/houssiere.eu\/index.php\/wp-json\/wp\/v2\/pages\/353","targetHints":{"allow":["GET"]}}],"collection":[{"href":"https:\/\/houssiere.eu\/index.php\/wp-json\/wp\/v2\/pages"}],"about":[{"href":"https:\/\/houssiere.eu\/index.php\/wp-json\/wp\/v2\/types\/page"}],"author":[{"embeddable":true,"href":"https:\/\/houssiere.eu\/index.php\/wp-json\/wp\/v2\/users\/1"}],"replies":[{"embeddable":true,"href":"https:\/\/houssiere.eu\/index.php\/wp-json\/wp\/v2\/comments?post=353"}],"version-history":[{"count":2,"href":"https:\/\/houssiere.eu\/index.php\/wp-json\/wp\/v2\/pages\/353\/revisions"}],"predecessor-version":[{"id":361,"href":"https:\/\/houssiere.eu\/index.php\/wp-json\/wp\/v2\/pages\/353\/revisions\/361"}],"wp:attachment":[{"href":"https:\/\/houssiere.eu\/index.php\/wp-json\/wp\/v2\/media?parent=353"}],"curies":[{"name":"wp","href":"https:\/\/api.w.org\/{rel}","templated":true}]}}