{"id":4629,"date":"2023-02-15T20:29:53","date_gmt":"2023-02-15T19:29:53","guid":{"rendered":"https:\/\/houssiere.eu\/?page_id=4629"},"modified":"2025-04-16T20:45:05","modified_gmt":"2025-04-16T18:45:05","slug":"jogging-de-la-baladarena","status":"publish","type":"page","link":"https:\/\/houssiere.eu\/index.php\/organisations\/jogging-de-la-baladarena\/","title":{"rendered":"Jogging de la Balad&rsquo;Arena"},"content":{"rendered":"<p><span style=\"color: #008000;\"><strong>Jogging de la BALAD&rsquo;ARENA 2025<\/strong><\/span><\/p>\n<p><span style=\"font-family: Times New Roman, serif;\">C\u2019est ce samedi 12 avril 2025 \u00e0 15h que la 3\u00e8me \u00e9dition du Jogging de la Balad\u2019Arena a eu lieu, sous un soleil ardent! Le BBC Brainois remercie les 177 coureurs, toutes courses confondues, pour leur pr\u00e9sence malgr\u00e9 les nombreuses autres courses organis\u00e9es au m\u00eame moment.<\/span><\/p>\n<p><img loading=\"lazy\" decoding=\"async\" class=\"aligncenter size-large wp-image-6836\" src=\"https:\/\/houssiere.eu\/wp-content\/uploads\/2025\/04\/groupe-1024x683.jpg\" alt=\"Balad Arena\" width=\"584\" height=\"390\" srcset=\"https:\/\/houssiere.eu\/wp-content\/uploads\/2025\/04\/groupe-1024x683.jpg 1024w, https:\/\/houssiere.eu\/wp-content\/uploads\/2025\/04\/groupe-300x200.jpg 300w, https:\/\/houssiere.eu\/wp-content\/uploads\/2025\/04\/groupe-768x512.jpg 768w, https:\/\/houssiere.eu\/wp-content\/uploads\/2025\/04\/groupe-1536x1024.jpg 1536w, https:\/\/houssiere.eu\/wp-content\/uploads\/2025\/04\/groupe-450x300.jpg 450w, https:\/\/houssiere.eu\/wp-content\/uploads\/2025\/04\/groupe.jpg 1620w\" sizes=\"auto, (max-width: 584px) 100vw, 584px\" \/><\/p>\n<p>Les r\u00e9sultats sont disponibles sur le site de goaltiming en suivant ce lien:\u00a0<a href=\"https:\/\/www.goaltiming.be\/courses\/1eca6a80-b229-11ef-87be-ab5c580ac755\" target=\"_blank\" rel=\"noopener\">r\u00e9sultats<\/a> .<\/p>\n<p>Le reportage photo de Danielle est visible <a href=\"https:\/\/www.dropbox.com\/scl\/fo\/5ecbtj0sx0ppgeup2y10t\/AN3mBtaRB-6zuaFf3E6T8Xc?rlkey=w37oeaw815akigato1dz8evvt&amp;e=1&amp;st=68hx85dl&amp;dl=0\" target=\"_blank\" rel=\"noopener\">ICI<\/a>\u00a0.<\/p>\n<p><strong>Jogging de la BALAD&rsquo;ARENA 2024<\/strong><\/p>\n<p><span style=\"font-family: Times New Roman, serif;\">Merci \u00e0 tous pour votre participation tant comme sportif que comme b\u00e9n\u00e9vole. Quelques souvenirs <\/span><span style=\"font-family: Times New Roman, serif;\">ci-apr\u00e8s, ainsi qu\u2019un lien vers un album bien fourni. Voici le\u00a0<a href=\"https:\/\/houssiere.eu\/wp-content\/uploads\/2024\/03\/Balad-Arena-2024-12km.pdf\" target=\"_blank\" rel=\"noopener\">r\u00e9sultat du 12 km<\/a>\u00a0 et le\u00a0<a href=\"https:\/\/houssiere.eu\/wp-content\/uploads\/2024\/03\/Balad-Arena-2024-6km.pdf\" target=\"_blank\" rel=\"noopener\">r\u00e9sultat du 6,4 km<\/a> .<br \/>\n<\/span><\/p>\n<p><img loading=\"lazy\" decoding=\"async\" class=\"aligncenter size-large wp-image-5768\" src=\"https:\/\/houssiere.eu\/wp-content\/uploads\/2024\/03\/chemin-768x1024.jpg\" alt=\"\" width=\"584\" height=\"779\" srcset=\"https:\/\/houssiere.eu\/wp-content\/uploads\/2024\/03\/chemin-768x1024.jpg 768w, https:\/\/houssiere.eu\/wp-content\/uploads\/2024\/03\/chemin-225x300.jpg 225w, https:\/\/houssiere.eu\/wp-content\/uploads\/2024\/03\/chemin-1152x1536.jpg 1152w, https:\/\/houssiere.eu\/wp-content\/uploads\/2024\/03\/chemin.jpg 1536w\" sizes=\"auto, (max-width: 584px) 100vw, 584px\" \/> <img loading=\"lazy\" decoding=\"async\" class=\"aligncenter size-large wp-image-5769\" src=\"https:\/\/houssiere.eu\/wp-content\/uploads\/2024\/03\/chemin2.jpg\" alt=\"\" width=\"584\" height=\"792\" srcset=\"https:\/\/houssiere.eu\/wp-content\/uploads\/2024\/03\/chemin2.jpg 752w, https:\/\/houssiere.eu\/wp-content\/uploads\/2024\/03\/chemin2-221x300.jpg 221w\" sizes=\"auto, (max-width: 584px) 100vw, 584px\" \/><\/p>\n<p><img loading=\"lazy\" decoding=\"async\" class=\"aligncenter size-large wp-image-5770\" src=\"https:\/\/houssiere.eu\/wp-content\/uploads\/2024\/03\/course-1024x803.jpg\" alt=\"\" width=\"584\" height=\"458\" srcset=\"https:\/\/houssiere.eu\/wp-content\/uploads\/2024\/03\/course-1024x803.jpg 1024w, https:\/\/houssiere.eu\/wp-content\/uploads\/2024\/03\/course-300x235.jpg 300w, https:\/\/houssiere.eu\/wp-content\/uploads\/2024\/03\/course-768x602.jpg 768w, https:\/\/houssiere.eu\/wp-content\/uploads\/2024\/03\/course-382x300.jpg 382w, https:\/\/houssiere.eu\/wp-content\/uploads\/2024\/03\/course.jpg 1280w\" sizes=\"auto, (max-width: 584px) 100vw, 584px\" \/> <img loading=\"lazy\" decoding=\"async\" class=\"aligncenter size-large wp-image-5771\" src=\"https:\/\/houssiere.eu\/wp-content\/uploads\/2024\/03\/course2-1024x638.jpg\" alt=\"\" width=\"584\" height=\"364\" srcset=\"https:\/\/houssiere.eu\/wp-content\/uploads\/2024\/03\/course2-1024x638.jpg 1024w, https:\/\/houssiere.eu\/wp-content\/uploads\/2024\/03\/course2-300x187.jpg 300w, https:\/\/houssiere.eu\/wp-content\/uploads\/2024\/03\/course2-768x478.jpg 768w, https:\/\/houssiere.eu\/wp-content\/uploads\/2024\/03\/course2-482x300.jpg 482w, https:\/\/houssiere.eu\/wp-content\/uploads\/2024\/03\/course2.jpg 1280w\" sizes=\"auto, (max-width: 584px) 100vw, 584px\" \/><\/p>\n<p><span style=\"font-family: Times New Roman, serif;\">Merci \u00e0 Danielle et Bernard<\/span> pour les photos! <a href=\"https:\/\/www.flickr.com\/gp\/144900761@N02\/TX4Yz9dt1A\" target=\"_blank\" rel=\"noopener\">Lien vers les photos de Danielle.<\/a><\/p>\n<p><img loading=\"lazy\" decoding=\"async\" class=\"aligncenter size-large wp-image-5772\" src=\"https:\/\/houssiere.eu\/wp-content\/uploads\/2024\/03\/podium-balad-1024x629.jpg\" alt=\"\" width=\"584\" height=\"359\" srcset=\"https:\/\/houssiere.eu\/wp-content\/uploads\/2024\/03\/podium-balad-1024x629.jpg 1024w, https:\/\/houssiere.eu\/wp-content\/uploads\/2024\/03\/podium-balad-300x184.jpg 300w, https:\/\/houssiere.eu\/wp-content\/uploads\/2024\/03\/podium-balad-768x472.jpg 768w, https:\/\/houssiere.eu\/wp-content\/uploads\/2024\/03\/podium-balad-488x300.jpg 488w, https:\/\/houssiere.eu\/wp-content\/uploads\/2024\/03\/podium-balad.jpg 1260w\" sizes=\"auto, (max-width: 584px) 100vw, 584px\" \/><\/p>\n<p>&nbsp;<\/p>\n<p>C&rsquo;\u00e9tait le <strong>samedi 23 mars 2024 \u00e0 15h<\/strong>, que le BBC et le HAC ont uni leurs forces pour vous proposer une course dans la campagne brainoise, au d\u00e9part des installations du Basket Ball Club.<\/p>\n<p><img loading=\"lazy\" decoding=\"async\" class=\"aligncenter size-large wp-image-5621\" src=\"https:\/\/houssiere.eu\/wp-content\/uploads\/2024\/02\/descente-campagne-935x1024.jpg\" alt=\"\" width=\"584\" height=\"640\" srcset=\"https:\/\/houssiere.eu\/wp-content\/uploads\/2024\/02\/descente-campagne-935x1024.jpg 935w, https:\/\/houssiere.eu\/wp-content\/uploads\/2024\/02\/descente-campagne-274x300.jpg 274w, https:\/\/houssiere.eu\/wp-content\/uploads\/2024\/02\/descente-campagne-768x842.jpg 768w, https:\/\/houssiere.eu\/wp-content\/uploads\/2024\/02\/descente-campagne.jpg 1024w\" sizes=\"auto, (max-width: 584px) 100vw, 584px\" \/><\/p>\n<p>Cette deuxi\u00e8me \u00e9dition du Jogging de la Balad&rsquo;Arena sur les distances de 6,4km et 11,8km vous a propos\u00e9 des circuits inchang\u00e9s par rapport \u00e0 l&rsquo;an pass\u00e9. Voir le reportage 2023 ci-dessous.Le d\u00e9part des courses de<strong> 6 et 12 km<\/strong> a \u00e9t\u00e9 donn\u00e9 en commun \u00e0 <strong>15h<\/strong>.<\/p>\n<p><img loading=\"lazy\" decoding=\"async\" class=\"aligncenter size-large wp-image-5623\" src=\"https:\/\/houssiere.eu\/wp-content\/uploads\/2024\/02\/campagne-balad-en-famille-hac-1024x683.jpg\" alt=\"\" width=\"584\" height=\"390\" srcset=\"https:\/\/houssiere.eu\/wp-content\/uploads\/2024\/02\/campagne-balad-en-famille-hac-1024x683.jpg 1024w, https:\/\/houssiere.eu\/wp-content\/uploads\/2024\/02\/campagne-balad-en-famille-hac-300x200.jpg 300w, https:\/\/houssiere.eu\/wp-content\/uploads\/2024\/02\/campagne-balad-en-famille-hac-768x512.jpg 768w, https:\/\/houssiere.eu\/wp-content\/uploads\/2024\/02\/campagne-balad-en-famille-hac-450x300.jpg 450w, https:\/\/houssiere.eu\/wp-content\/uploads\/2024\/02\/campagne-balad-en-famille-hac.jpg 1200w\" sizes=\"auto, (max-width: 584px) 100vw, 584px\" \/><\/p>\n<p><strong>Les inscriptions sont ouvertes<\/strong>: cliquez\u00a0<a href=\"https:\/\/www.goaltiming.be\/courses\/694028e0-90ef-11ee-a3db-7bcaf22888a4\" target=\"_blank\" rel=\"noopener\">ICI<\/a>\u00a0 pour vous diriger vers le site de Goaltiming.<\/p>\n<p>Pour arriver sur le site d&rsquo;inscription comme de d\u00e9part et d&rsquo;arriv\u00e9e, il faut longer le b\u00e2timent de l&rsquo;INDBE et suivre le panneau de la haute \u00e9cole HELHA. En venant depuis la rue d&rsquo;Horrues, c&rsquo;est la 1\u00e8re entr\u00e9e juste avant l&rsquo;\u00e9cole, rue des Postes, 101 \u00e0 7090 Braine-le-Comte. Le parking est relativement limit\u00e9 dans l&rsquo;enceinte, privil\u00e9giez la rue d&rsquo;Horrues au besoin, au-del\u00e0 de la rue des Postes (entr\u00e9e possible par l\u00e0 aussi).<\/p>\n<p><img loading=\"lazy\" decoding=\"async\" class=\"aligncenter size-full wp-image-5620\" src=\"https:\/\/houssiere.eu\/wp-content\/uploads\/2024\/02\/plan-balad-arena-2024.png\" alt=\"\" width=\"975\" height=\"728\" srcset=\"https:\/\/houssiere.eu\/wp-content\/uploads\/2024\/02\/plan-balad-arena-2024.png 975w, https:\/\/houssiere.eu\/wp-content\/uploads\/2024\/02\/plan-balad-arena-2024-300x224.png 300w, https:\/\/houssiere.eu\/wp-content\/uploads\/2024\/02\/plan-balad-arena-2024-768x573.png 768w, https:\/\/houssiere.eu\/wp-content\/uploads\/2024\/02\/plan-balad-arena-2024-402x300.png 402w\" sizes=\"auto, (max-width: 975px) 100vw, 975px\" \/><\/p>\n<p>Les courses pour <strong>enfants<\/strong> (3-12 ans) partent \u00e0 <strong>16h30<\/strong><\/p>\n<p><img loading=\"lazy\" decoding=\"async\" class=\"aligncenter size-large wp-image-5622\" src=\"https:\/\/houssiere.eu\/wp-content\/uploads\/2024\/02\/course-enfants-1024x799.jpg\" alt=\"\" width=\"584\" height=\"456\" srcset=\"https:\/\/houssiere.eu\/wp-content\/uploads\/2024\/02\/course-enfants-1024x799.jpg 1024w, https:\/\/houssiere.eu\/wp-content\/uploads\/2024\/02\/course-enfants-300x234.jpg 300w, https:\/\/houssiere.eu\/wp-content\/uploads\/2024\/02\/course-enfants-768x599.jpg 768w, https:\/\/houssiere.eu\/wp-content\/uploads\/2024\/02\/course-enfants-385x300.jpg 385w, https:\/\/houssiere.eu\/wp-content\/uploads\/2024\/02\/course-enfants.jpg 1154w\" sizes=\"auto, (max-width: 584px) 100vw, 584px\" \/><\/p>\n<p><img loading=\"lazy\" decoding=\"async\" class=\"aligncenter size-large wp-image-5624\" src=\"https:\/\/houssiere.eu\/wp-content\/uploads\/2024\/02\/campagne-braine-1024x768.jpg\" alt=\"\" width=\"584\" height=\"438\" srcset=\"https:\/\/houssiere.eu\/wp-content\/uploads\/2024\/02\/campagne-braine-1024x768.jpg 1024w, https:\/\/houssiere.eu\/wp-content\/uploads\/2024\/02\/campagne-braine-300x225.jpg 300w, https:\/\/houssiere.eu\/wp-content\/uploads\/2024\/02\/campagne-braine-768x576.jpg 768w, https:\/\/houssiere.eu\/wp-content\/uploads\/2024\/02\/campagne-braine-1536x1152.jpg 1536w, https:\/\/houssiere.eu\/wp-content\/uploads\/2024\/02\/campagne-braine-2048x1536.jpg 2048w, https:\/\/houssiere.eu\/wp-content\/uploads\/2024\/02\/campagne-braine-400x300.jpg 400w\" sizes=\"auto, (max-width: 584px) 100vw, 584px\" \/><\/p>\n<p>Le Jogging de la Balad&rsquo; Arena fait partie du challenge FRT, voir le calendrier\u00a0\u00a0<a href=\"https:\/\/www.goaltiming.be\/challenges\/1dbba980-a2f1-11ee-b7ca-ddb8f4aa3d28\" target=\"_blank\" rel=\"noopener\">ICI<\/a> .<\/p>\n<p><span style=\"text-decoration: underline;\"><span style=\"color: #008000;\"><strong>Balad&rsquo; Arena 2023<\/strong><\/span><\/span><\/p>\n<p>Merci \u00e0 vous tous pour votre sympathique pr\u00e9sence!!<\/p>\n<p>Cette premi\u00e8re co-organisation du <span style=\"color: #008000;\">Basket-Ball Club Brainois et du\u00a0<\/span> HAC (<span style=\"color: #008000;\">Houssi\u00e8re Athletic Club), <span style=\"color: #000000;\">c&rsquo;est bien d\u00e9roul\u00e9e! <\/span><\/span>Le parcours dans la campagne brainoise \u00e9tait exigeant mais roulant.<\/p>\n<p><img loading=\"lazy\" decoding=\"async\" class=\"aligncenter size-large wp-image-4816\" src=\"https:\/\/houssiere.eu\/wp-content\/uploads\/2023\/04\/depart-1024x768.jpg\" alt=\"\" width=\"584\" height=\"438\" srcset=\"https:\/\/houssiere.eu\/wp-content\/uploads\/2023\/04\/depart-1024x768.jpg 1024w, https:\/\/houssiere.eu\/wp-content\/uploads\/2023\/04\/depart-300x225.jpg 300w, https:\/\/houssiere.eu\/wp-content\/uploads\/2023\/04\/depart-768x576.jpg 768w, https:\/\/houssiere.eu\/wp-content\/uploads\/2023\/04\/depart-400x300.jpg 400w, https:\/\/houssiere.eu\/wp-content\/uploads\/2023\/04\/depart.jpg 1280w\" sizes=\"auto, (max-width: 584px) 100vw, 584px\" \/><\/p>\n<p>Les r\u00e9sultats 2023 sont ici: <a href=\"https:\/\/houssiere.eu\/wp-content\/uploads\/2023\/04\/12km-resultat.pdf\" target=\"_blank\" rel=\"noopener\">pour le 12 km<\/a> et ici <a href=\"https:\/\/houssiere.eu\/wp-content\/uploads\/2023\/04\/6km-resultats-2023.pdf\" target=\"_blank\" rel=\"noopener\">pour le 6 km<\/a>\u00a0 . Merci aux 165 arrivants pour les deux distances et \u00e0 l&rsquo;ann\u00e9e prochaine! Le reportage photo de Danielle est\u00a0<a href=\"https:\/\/www.flickr.com\/photos\/144900761@N02\/sets\/72177720307366461\/\" target=\"_blank\" rel=\"noopener\">ICI<\/a> \u00a0 .<\/p>\n<p><img loading=\"lazy\" decoding=\"async\" class=\"aligncenter size-large wp-image-4817\" src=\"https:\/\/houssiere.eu\/wp-content\/uploads\/2023\/04\/thomas-bascourt-vainqueur-6-km-768x1024.jpg\" alt=\"\" width=\"584\" height=\"779\" srcset=\"https:\/\/houssiere.eu\/wp-content\/uploads\/2023\/04\/thomas-bascourt-vainqueur-6-km-768x1024.jpg 768w, https:\/\/houssiere.eu\/wp-content\/uploads\/2023\/04\/thomas-bascourt-vainqueur-6-km-225x300.jpg 225w, https:\/\/houssiere.eu\/wp-content\/uploads\/2023\/04\/thomas-bascourt-vainqueur-6-km.jpg 960w\" sizes=\"auto, (max-width: 584px) 100vw, 584px\" \/><\/p>\n<p>En 2023, notre course d\u00e9bute en ville mais tr\u00e8s vite vous m\u00e8ne dans les chemins de champs, les routes expos\u00e9es d&rsquo;o\u00f9 la vue sur le paysage local est splendide. Quelques photos ci-dessous pour vous donner une id\u00e9e du trajet. Le d\u00e9nivel\u00e9 du 12km est de 110m et de 50m sur le 6,5 km. La course des enfants \u00e9tait \u00e0 13h30 en 2023.<\/p>\n<p><img loading=\"lazy\" decoding=\"async\" class=\"aligncenter size-large wp-image-4691\" src=\"https:\/\/houssiere.eu\/wp-content\/uploads\/2023\/03\/exposee-768x1024.jpg\" alt=\"\" width=\"584\" height=\"779\" srcset=\"https:\/\/houssiere.eu\/wp-content\/uploads\/2023\/03\/exposee-768x1024.jpg 768w, https:\/\/houssiere.eu\/wp-content\/uploads\/2023\/03\/exposee-225x300.jpg 225w, https:\/\/houssiere.eu\/wp-content\/uploads\/2023\/03\/exposee.jpg 960w\" sizes=\"auto, (max-width: 584px) 100vw, 584px\" \/><\/p>\n<p>Les <strong>inscriptions<\/strong> du jour-m\u00eame seront major\u00e9es par rapport aux pr\u00e9-inscriptions. Les enfants (3 \u00e0 12 ans) participent <span style=\"text-decoration: underline;\">gratuitement<\/span> \u00e0 la course (13h30)\u00a0 et l&rsquo;on demande aux parents de les inscrire sur le m\u00eame site \u00e0 la rubrique Kids Run.<img loading=\"lazy\" decoding=\"async\" class=\"aligncenter size-large wp-image-4690\" src=\"https:\/\/houssiere.eu\/wp-content\/uploads\/2023\/03\/depart-depuis-ecole-768x1024.jpg\" alt=\"\" width=\"584\" height=\"779\" srcset=\"https:\/\/houssiere.eu\/wp-content\/uploads\/2023\/03\/depart-depuis-ecole-768x1024.jpg 768w, https:\/\/houssiere.eu\/wp-content\/uploads\/2023\/03\/depart-depuis-ecole-225x300.jpg 225w, https:\/\/houssiere.eu\/wp-content\/uploads\/2023\/03\/depart-depuis-ecole.jpg 960w\" sizes=\"auto, (max-width: 584px) 100vw, 584px\" \/><\/p>\n<p><img loading=\"lazy\" decoding=\"async\" class=\"aligncenter size-large wp-image-4692\" src=\"https:\/\/houssiere.eu\/wp-content\/uploads\/2023\/03\/partie-urbaine-768x1024.jpg\" alt=\"\" width=\"584\" height=\"779\" srcset=\"https:\/\/houssiere.eu\/wp-content\/uploads\/2023\/03\/partie-urbaine-768x1024.jpg 768w, https:\/\/houssiere.eu\/wp-content\/uploads\/2023\/03\/partie-urbaine-225x300.jpg 225w, https:\/\/houssiere.eu\/wp-content\/uploads\/2023\/03\/partie-urbaine.jpg 960w\" sizes=\"auto, (max-width: 584px) 100vw, 584px\" \/> <img loading=\"lazy\" decoding=\"async\" class=\"aligncenter size-large wp-image-4693\" src=\"https:\/\/houssiere.eu\/wp-content\/uploads\/2023\/03\/routes-768x1024.jpg\" alt=\"\" width=\"584\" height=\"779\" srcset=\"https:\/\/houssiere.eu\/wp-content\/uploads\/2023\/03\/routes-768x1024.jpg 768w, https:\/\/houssiere.eu\/wp-content\/uploads\/2023\/03\/routes-225x300.jpg 225w, https:\/\/houssiere.eu\/wp-content\/uploads\/2023\/03\/routes.jpg 960w\" sizes=\"auto, (max-width: 584px) 100vw, 584px\" \/> <img loading=\"lazy\" decoding=\"async\" class=\"aligncenter size-large wp-image-4694\" src=\"https:\/\/houssiere.eu\/wp-content\/uploads\/2023\/03\/sentiers-768x1024.jpg\" alt=\"\" width=\"584\" height=\"779\" srcset=\"https:\/\/houssiere.eu\/wp-content\/uploads\/2023\/03\/sentiers-768x1024.jpg 768w, https:\/\/houssiere.eu\/wp-content\/uploads\/2023\/03\/sentiers-225x300.jpg 225w, https:\/\/houssiere.eu\/wp-content\/uploads\/2023\/03\/sentiers.jpg 960w\" sizes=\"auto, (max-width: 584px) 100vw, 584px\" \/> <img loading=\"lazy\" decoding=\"async\" class=\"aligncenter size-large wp-image-4695\" src=\"https:\/\/houssiere.eu\/wp-content\/uploads\/2023\/03\/vallonnee-768x1024.jpg\" alt=\"\" width=\"584\" height=\"779\" srcset=\"https:\/\/houssiere.eu\/wp-content\/uploads\/2023\/03\/vallonnee-768x1024.jpg 768w, https:\/\/houssiere.eu\/wp-content\/uploads\/2023\/03\/vallonnee-225x300.jpg 225w, https:\/\/houssiere.eu\/wp-content\/uploads\/2023\/03\/vallonnee.jpg 960w\" sizes=\"auto, (max-width: 584px) 100vw, 584px\" \/> <img loading=\"lazy\" decoding=\"async\" class=\"aligncenter size-large wp-image-4696\" src=\"https:\/\/houssiere.eu\/wp-content\/uploads\/2023\/03\/vers-la-ligne-1024x924.jpg\" alt=\"\" width=\"584\" height=\"527\" srcset=\"https:\/\/houssiere.eu\/wp-content\/uploads\/2023\/03\/vers-la-ligne-1024x924.jpg 1024w, https:\/\/houssiere.eu\/wp-content\/uploads\/2023\/03\/vers-la-ligne-300x271.jpg 300w, https:\/\/houssiere.eu\/wp-content\/uploads\/2023\/03\/vers-la-ligne-768x693.jpg 768w, https:\/\/houssiere.eu\/wp-content\/uploads\/2023\/03\/vers-la-ligne-333x300.jpg 333w, https:\/\/houssiere.eu\/wp-content\/uploads\/2023\/03\/vers-la-ligne.jpg 1135w\" sizes=\"auto, (max-width: 584px) 100vw, 584px\" \/> <img loading=\"lazy\" decoding=\"async\" class=\"aligncenter size-large wp-image-4697\" src=\"https:\/\/houssiere.eu\/wp-content\/uploads\/2023\/03\/vite-campagnarde-768x1024.jpg\" alt=\"\" width=\"584\" height=\"779\" srcset=\"https:\/\/houssiere.eu\/wp-content\/uploads\/2023\/03\/vite-campagnarde-768x1024.jpg 768w, https:\/\/houssiere.eu\/wp-content\/uploads\/2023\/03\/vite-campagnarde-225x300.jpg 225w, https:\/\/houssiere.eu\/wp-content\/uploads\/2023\/03\/vite-campagnarde.jpg 960w\" sizes=\"auto, (max-width: 584px) 100vw, 584px\" \/><\/p>\n<p><img loading=\"lazy\" decoding=\"async\" class=\"aligncenter size-large wp-image-4684\" src=\"https:\/\/houssiere.eu\/wp-content\/uploads\/2023\/03\/route-1024x877.jpg\" alt=\"\" width=\"584\" height=\"500\" srcset=\"https:\/\/houssiere.eu\/wp-content\/uploads\/2023\/03\/route-1024x877.jpg 1024w, https:\/\/houssiere.eu\/wp-content\/uploads\/2023\/03\/route-300x257.jpg 300w, https:\/\/houssiere.eu\/wp-content\/uploads\/2023\/03\/route-768x658.jpg 768w, https:\/\/houssiere.eu\/wp-content\/uploads\/2023\/03\/route-350x300.jpg 350w, https:\/\/houssiere.eu\/wp-content\/uploads\/2023\/03\/route.jpg 1196w\" sizes=\"auto, (max-width: 584px) 100vw, 584px\" \/><\/p>\n<p>Plan des courses<\/p>\n<p><img loading=\"lazy\" decoding=\"async\" class=\"aligncenter size-full wp-image-4801\" src=\"https:\/\/houssiere.eu\/wp-content\/uploads\/2023\/04\/plan-6km.jpg\" alt=\"\" width=\"800\" height=\"693\" srcset=\"https:\/\/houssiere.eu\/wp-content\/uploads\/2023\/04\/plan-6km.jpg 800w, https:\/\/houssiere.eu\/wp-content\/uploads\/2023\/04\/plan-6km-300x260.jpg 300w, https:\/\/houssiere.eu\/wp-content\/uploads\/2023\/04\/plan-6km-768x665.jpg 768w, https:\/\/houssiere.eu\/wp-content\/uploads\/2023\/04\/plan-6km-346x300.jpg 346w\" sizes=\"auto, (max-width: 800px) 100vw, 800px\" \/> <img loading=\"lazy\" decoding=\"async\" class=\"aligncenter size-large wp-image-4802\" src=\"https:\/\/houssiere.eu\/wp-content\/uploads\/2023\/04\/plan-12-km.jpg\" alt=\"\" width=\"463\" height=\"693\" srcset=\"https:\/\/houssiere.eu\/wp-content\/uploads\/2023\/04\/plan-12-km.jpg 463w, https:\/\/houssiere.eu\/wp-content\/uploads\/2023\/04\/plan-12-km-200x300.jpg 200w\" sizes=\"auto, (max-width: 463px) 100vw, 463px\" \/><\/p>\n<p>&nbsp;<\/p>\n<p>&nbsp;<\/p>\n<p>&nbsp;<\/p>\n<p>&nbsp;<\/p>\n","protected":false},"excerpt":{"rendered":"<p>Jogging de la BALAD&rsquo;ARENA 2025 C\u2019est ce samedi 12 avril 2025 \u00e0 15h que la 3\u00e8me \u00e9dition du Jogging de la Balad\u2019Arena a eu lieu, sous un soleil ardent! Le BBC Brainois remercie les 177 coureurs, toutes courses confondues, pour &hellip; <a href=\"https:\/\/houssiere.eu\/index.php\/organisations\/jogging-de-la-baladarena\/\">Continuer la lecture <span class=\"meta-nav\">&rarr;<\/span><\/a><\/p>\n","protected":false},"author":1,"featured_media":0,"parent":2149,"menu_order":0,"comment_status":"closed","ping_status":"closed","template":"","meta":{"jetpack_post_was_ever_published":false,"footnotes":""},"class_list":["post-4629","page","type-page","status-publish","hentry"],"jetpack_sharing_enabled":true,"jetpack_shortlink":"https:\/\/wp.me\/P8shbt-1cF","_links":{"self":[{"href":"https:\/\/houssiere.eu\/index.php\/wp-json\/wp\/v2\/pages\/4629","targetHints":{"allow":["GET"]}}],"collection":[{"href":"https:\/\/houssiere.eu\/index.php\/wp-json\/wp\/v2\/pages"}],"about":[{"href":"https:\/\/houssiere.eu\/index.php\/wp-json\/wp\/v2\/types\/page"}],"author":[{"embeddable":true,"href":"https:\/\/houssiere.eu\/index.php\/wp-json\/wp\/v2\/users\/1"}],"replies":[{"embeddable":true,"href":"https:\/\/houssiere.eu\/index.php\/wp-json\/wp\/v2\/comments?post=4629"}],"version-history":[{"count":29,"href":"https:\/\/houssiere.eu\/index.php\/wp-json\/wp\/v2\/pages\/4629\/revisions"}],"predecessor-version":[{"id":6837,"href":"https:\/\/houssiere.eu\/index.php\/wp-json\/wp\/v2\/pages\/4629\/revisions\/6837"}],"up":[{"embeddable":true,"href":"https:\/\/houssiere.eu\/index.php\/wp-json\/wp\/v2\/pages\/2149"}],"wp:attachment":[{"href":"https:\/\/houssiere.eu\/index.php\/wp-json\/wp\/v2\/media?parent=4629"}],"curies":[{"name":"wp","href":"https:\/\/api.w.org\/{rel}","templated":true}]}}